c3?
41af
In base 16, what is -82 + -a6?
-128
In base 8, what is -3770 + -52?
-4042
In base 6, what is -304041 - 4?
-304045
In base 10, what is -1988 - -8?
-1980
In base 8, what is 31 + 6520?
6551
In base 10, what is 5 - -12600?
12605
In base 6, what is -212401 - -4?
-212353
In base 12, what is 3a0009 - -3?
3a0010
In base 2, what is -1101111000100 - 101001?
-1101111101101
In base 4, what is 2200211 + 2?
2200213
In base 7, what is 6 + -1040311?
-1040302
In base 7, what is 15310 + 33?
15343
In base 9, what is 13803 - 67?
13725
In base 13, what is -2 - 33a38?
-33a3a
In base 11, what is -376a - 26?
-3795
In base 4, what is 1 + 311122103?
311122110
In base 15, what is -11ade - -21?
-11abd
In base 2, what is -1101 - -100011101?
100010000
In base 4, what is -301011110 - -3?
-301011101
In base 10, what is -9387 + -10?
-9397
In base 15, what is -1 - -b21c9?
b21c8
In base 13, what is 61081 + 5?
61086
In base 2, what is -1000 - -11000011100001111011?
11000011100001110011
In base 13, what is 4629 + -7?
4622
In base 14, what is -a82 + -45?
-ac7
In base 4, what is 2200102223 - 13?
2200102210
In base 7, what is 166045 - 0?
166045
In base 3, what is -20222 - 102120?
-200112
In base 9, what is -50872 + -26?
-51008
In base 8, what is -730 + -154?
-1104
In base 11, what is 4 + 6683?
6687
In base 13, what is -4bbc1 + -2?
-4bbc3
In base 10, what is 506 - -611?
1117
In base 8, what is -10 + 6375?
6365
In base 6, what is -104 + 535?
431
In base 10, what is 2 + -20888?
-20886
In base 7, what is -26432 + 4?
-26425
In base 12, what is 70 - 16bb?
-164b
In base 3, what is -22 - 10020211?
-10021010
In base 10, what is -3 - -104646?
104643
In base 9, what is 4 - -146?
151
In base 8, what is -7 + -1525245?
-1525254
In base 12, what is -b - -957?
948
In base 16, what is fc19 - -d?
fc26
In base 5, what is 22 + -20324001?
-20323424
In base 16, what is 1a - b7?
-9d
In base 3, what is -2 - 1200201?
-1200210
In base 2, what is 1 + 11010100101010?
11010100101011
In base 8, what is 1440 + 7212?
10652
In base 10, what is -11 - -1980?
1969
In base 7, what is -10 - 2156?
-2166
In base 16, what is -117 - 2d?
-144
In base 2, what is 11 + -111000100011011?
-111000100011000
In base 14, what is -2d3c + -9?
-2d47
In base 13, what is -4628 - -42?
-45b6
In base 12, what is -6b00 - 4b?
-6b4b
In base 16, what is 11a + -4e0?
-3c6
In base 8, what is -200 + -24200?
-24400
In base 11, what is -1260a48 - -3?
-1260a45
In base 11, what is 30aa124 + 1?
30aa125
In base 8, what is 311754 - 0?
311754
In base 15, what is 2c3ea - -8?
2c403
In base 5, what is 120414002 + 10?
120414012
In base 15, what is cde - b0?
c2e
In base 8, what is 55705 - 61?
55624
In base 12, what is -89959 + 3?
-89956
In base 6, what is 1 + -220523?
-220522
In base 16, what is 34237 - c?
3422b
In base 9, what is 8334 - -35?
8370
In base 15, what is 36 + 36b?
3a2
In base 3, what is -1211110 - -1211?
-1202122
In base 16, what is -e1 + -a9?
-18a
In base 14, what is -457 - 8?
-461
In base 15, what is -43467 - -4?
-43463
In base 2, what is -10111000011110 + -100001?
-10111000111111
In base 3, what is 1 + 220012112?
220012120
In base 10, what is 5 + 512?
517
In base 3, what is 10102 + -2000202?
-1220100
In base 6, what is -12451551 + 0?
-12451551
In base 5, what is -2113 - 40314?
-42432
In base 13, what is -3 - -764?
761
In base 9, what is -1 + -836?
-837
In base 16, what is -63c - -25d?
-3df
In base 4, what is -3 - 11011231?
-11011300
In base 2, what is 11110110110100 - 100?
11110110110000
In base 2, what is 10000 + -1000101111011011?
-1000101111001011
In base 16, what is e - 206?
-1f8
In base 7, what is 4426 + -142?
4254
In base 13, what is -5 + -228?
-230
In base 14, what is -a871a + -b?
-a8727
In base 14, what is a - 41c?
-412
In base 16, what is 5c7 + -149?
47e
In base 5, what is 0 + 12233310?
12233310
In base 13, what is -276 - 69?
-312
In base 15, what is 101 + -bd?
33
In base 10, what is -215 - 315?
-530
In base 3, what is -12 - -1002121111110?
1002121111021
In base 3, what is 21 + 200022111?
200022202
In base 11, what is -95 - 15820?
-15905
In base 7, what is 434553 - -105?
434661
In base 3, what is -11010 + 110120120?
110102110
In base 9, what is -3426673 + 1?
-3426672
In base 11, what is 9a89 - 3?
9a86
In base 2, what is 110101111000 - -1000011?
110110111011
In base 2, what is -100 - 101000101000110000000?
-101000101000110000100
In base 11, what is -9a - 23a?
-329
In base 4, what is -11 + -1331300?
-1331311
In base 15, what is -52 + 5ec?
59a
In base 3, what is -120022001 + -201?
-120022202
In base 13, what is 0 - -2556?
2556
In base 10, what is 170 - -456?
626
In base 5, what is 230 + 10212321?
10213101
In base 13, what is -112c - -b6?
-1046
In base 15, what is 299 + bc?
366
In base 3, what is 11 - 1020211120?
-1020211102
In base 16, what is -13 + -5ac?
-5bf
In base 16, what is -1c6 + 93?
-133
In base 15, what is -3 - -13dc8?
13dc5
In base 10, what is 14 - 8574?
-8560
In base 3, what is -11110020 + -1211?
-11112001
In base 14, what is 3125 + -1?
3124
In base 15, what is 472c - -e?
473b
In base 13, what is 5 - -155325?
15532a
In base 12, what is -821b - -1?
-821a
In base 13, what is -1c9 + a2a?
831
In base 5, what is -32000 + 420?
-31030
In base 3, what is -2200022222 - 2?
-2200100001
In base 4, what is -103213 + -202000?
-311213
In base 6, what is 131302 - -113?
131415
In base 10, what is -6833 - 4?
-6837
In base 8, what is 355 - -14441?
15016
In base 6, what is 4315543 - -1?
4315544
In base 16, what is 4 + 1ed1a?
1ed1e
In base 9, what is 788 + -4?
784
In base 14, what is 216 + 176a?
1982
In base 16, what is -4 - 25fb?
-25ff
In base 7, what is -25542 - -3?
-25536
In base 9, what is 5 + 3822?
3827
In base 7, what is 3 + -60253?
-60250
In base 14, what is 107 + -143?
-3a
In base 11, what is -130 - a93?
-1113
In base 8, what is 5521 + -1533?
3766
In base 6, what is -1 - -105505?
105504
In base 10, what is 1725 - -33?
1758
In base 6, what is -115212220 + 0?
-115212220
In base 2, what is -100010110101110 + 10?
-100010110101100
In base 10, what is 25 + 3268?
3293
In base 7, what is 4 + 6450?
6454
In base 7, what is 101265064 - 1?
101265063
In base 13, what is 102b6 - -7?
102c0
In base 2, what is 11 - -1000000111101?
1000001000000
In base 2, what is 10110000 + -10011011?
10101
In base 5, what is 10 - -3244242?
3244302
In base 14, what is -3929 - 46?
-3971
In base 13, what is 200142 + 0?
200142
In base 6, what is -102123013 + -4?
-102123021
In base 6, what is 43022 + -1241?
41341
In base 15, what is 0 - -14107?
14107
In base 15, what is -e + 7bcb4?
7bca5
In base 5, what is 113422 + -2011?
111411
In base 16, what is c77cf + -1?
c77ce
In base 3, what is 2001100020 - -20?
2001100110
In base 14, what is a8618b - -4?
a86191
In base 16, what is d + -1305?
-12f8
In base 11, what is -483 + -9?
-491
In base 10, what is 32 + 11897?
11929
In base 12, what is -23b - 128?
-367
In base 11, what is -243 + 2?
-241
In base 13, what is -39285 - -12?
-39273
In base 7, what is -2652534 + 3?
-2652531
In base 9, what is 4 + -165310?
-165305
In base 16, what is -a - 2722?
-272c
In base 2, what is -10 + 1101010100101?
1101010100011
In base 15, what is 281 + e4d?
11ce
In base 12, what is -199a785 - 3?
-199a788
In base 14, what is cac + -40?
c6c
In base 5, what is -4032422 + -13?
-4032440
In base 10, what is 1540 + 8?
1548
In base 16, what is -a - 1b59?
-1b63
In base 13, what is 96 - -483?
549
In base 9, what is 7 - -164?
172
In base 14, what is -275 + -118?
-38d
In base 2, what is 100 + 1101011000001011011?
1101011000001011111
In base 12, what is 0 + aa00?
aa00
In base 2, what is -1001111100110110 - -100111?
-1001111100001111
In base 7, what is 3 - -405?
411
In base 12, what is -51650 - 6?
-51656
In base 16, what is -1 - -1fdf?
1fde
In base 13, what is -9 + -2b2?
-2bb
In base 2, what is 10 + -101011001110011110?
-101011001110011100
In base 6, what is -102234 + -1214?
-103452
In base 9, what is -15 + 6280?
6264
In base 8, what is 25112 + 341?
25453
In base 4, what is 2031 + 3331?
12022
In base 8, what is 103 - 606?
-503
In base 8, what is 11 - -52551?
52562
In base 11, what is -49 - a8?
-146
In base 12, what is 4 - -1b554?
1b558
In base 2, what is -101111011011 + 11?
-101111011000
In base 2, what is 10010 + -110111011110?
-110111001100
In base 15, what is 15